{"id":365,"date":"2026-02-08T11:03:16","date_gmt":"2026-02-08T09:03:16","guid":{"rendered":"https:\/\/taekwondo-loppi.fi\/?page_id=365"},"modified":"2026-02-08T12:52:26","modified_gmt":"2026-02-08T10:52:26","slug":"reijo-lehmus","status":"publish","type":"page","link":"https:\/\/taekwondo-loppi.fi\/?page_id=365","title":{"rendered":"Reijo Lehmus"},"content":{"rendered":"\n    \n    <section class=\"u-clearfix u-section-2\" id=\"block-8\">\n      <div class=\"u-clearfix u-sheet u-sheet-1\">\n        <h1 class=\"u-align-center u-text u-text-default u-text-1\"> Reijo Lehmus 4. DAN<\/h1>\n      <\/div>\n    <\/section>\n    <section class=\"u-clearfix u-section-3\" id=\"block-1\">\n      <div class=\"u-clearfix u-sheet u-sheet-1\">\n        <p class=\"u-align-left u-text u-text-default u-text-1\">Lopen Taekwondoseurassa on alustapit\u00e4en opettanut Mestari Hwangin 9 Dan. Ohella hyvink\u00e4\u00e4l\u00e4inen Reijo Lehmus 4 Dan. Reijo Lehmus syntynyt 20.10.1941 aloitti yleisurheilun 10 vuotiaana. H\u00e4nen kiinnostuksensa kohdistui keih\u00e4\u00e4nheittoon, kuulanty\u00f6nt\u00f6\u00f6n ja 1000 m juoksuun, sek\u00e4 kes\u00e4isin suunnistukseen ja ammuntaan.<br>\n          <br>Reijon kiinnostus kamppailulajeja kohtaan her\u00e4si 16-vuotiaana, kun naapurissa asunut nyrkkeilyn raskaan sarjan Suomenmestari sai h\u00e4net innostumaan nyrkkeilyst\u00e4. Kovan harjoittelun j\u00e4lkeen Reijo aloitti kilpailun nyrkkeilyn piirinmestaruustasolla. Nyrkkeilyharrastus jatkui aina armeija aikoihin saakka, kunnes h\u00e4n alkoi pohtia nyrkkeilyss\u00e4 tapahtuvien loukkaantumisien ja mahdollisten pysyvien vaurioiden haittoja muuhun el\u00e4m\u00e4\u00e4n. Varusmiesp\u00adalvelukseen Reijo olisi halunnut lennostoon mutta p\u00e4\u00e4tyikin Utin j\u00e4\u00e4k\u00e4rirykmenttiin laskuvarjoj\u00e4\u00e4k\u00e4riksi.<br>\n          <br>Muutamaa vuotta my\u00f6hemmin Reijo aloitti Judon ja toimi silloisen hyvink\u00e4\u00e4l\u00e4isen Judoseuran aktiiviharrastajana, kilpajudokana ja my\u00f6hemmin opettajana. Judon j\u00e4lkeen h\u00e4nen kiinnostuksensa kohdistui Karateen, jota h\u00e4n harrasti Hyvink\u00e4\u00e4n Bushido-seurassa. Opiskeltuaan insin\u00f6\u00f6riksi Reijo siirtyi kansainv\u00e4liseen liike-el\u00e4m\u00e4\u00e4n, joka mahdollisti harrastamisen ulkomaisten mestareiden parissa. Useiden ty\u00f6komennustensa aikana Japanissa h\u00e4n p\u00e4\u00e4si opiskelemaan Kendoa parhaiden opettajien johdolla.\n        <\/p>\n      <\/div>\n    <\/section>\n    <section class=\"u-clearfix u-lightbox u-section-4\" id=\"block-2\">\n      <div class=\"u-clearfix u-sheet u-sheet-1\">\n        <div class=\"data-layout-selected u-clearfix u-expanded-width u-layout-wrap u-layout-wrap-1\">\n          <div class=\"u-layout\">\n            <div class=\"u-layout-row\">\n              <div class=\"u-container-style u-layout-cell u-size-30 u-layout-cell-1\">\n                <div class=\"u-container-layout u-container-layout-1\">\n                  <img decoding=\"async\" class=\"u-absolute-hcenter u-expanded-height u-image u-image-contain u-image-default u-image-1\" src=\"https:\/\/taekwondo-loppi.fi\/wp-content\/uploads\/2026\/02\/Kendo-harjoituksissa-1988.jpg\" alt=\"\" data-image-width=\"457\" data-image-height=\"469\">\n                <\/div>\n              <\/div>\n              <div class=\"u-container-style u-layout-cell u-size-30 u-layout-cell-2\">\n                <div class=\"u-container-layout u-valign-middle-xl u-container-layout-2\">\n                  <img decoding=\"async\" class=\"u-image u-image-contain u-image-default u-image-2\" src=\"https:\/\/taekwondo-loppi.fi\/wp-content\/uploads\/2026\/02\/Kendo-harjoituksissa-Japanissa-1988.jpg\" alt=\"\" data-image-width=\"452\" data-image-height=\"466\">\n                <\/div>\n              <\/div>\n            <\/div>\n          <\/div>\n        <\/div>\n      <\/div>\n    <\/section>\n    <section class=\"u-clearfix u-section-5\" id=\"block-3\">\n      <div class=\"u-clearfix u-sheet u-sheet-1\">\n        <p class=\"u-text u-text-default u-text-1\"> Kendon lis\u00e4ksi h\u00e4nell\u00e4 oli my\u00f6s harvinainen tilaisuus opiskella Ninjutsua Kioton vanhassa ninjakoulussa, jossa perehtyi lajin saloihin ja tekniikoihin sen alkuper\u00e4isell\u00e4 kotiseudulla.<br>\n          <br>Vuonna 1986 Hyvink\u00e4\u00e4ll\u00e4 aloitti toimintansa Hyvink\u00e4\u00e4n Taekwondo Hwang, ja seuran ensimm\u00e4isiksi Korealaisen kamppailu- ja itsepuolustuslajin harrastajiksi ilmoittautui 1986 Reijo Lehmus 9-vuotiaan tytt\u00e4rens\u00e4 kanssa. Reijo Lehmus toimi seuran puheenjohtajana vuoteen 1992 asti, jolloin h\u00e4n muutti Saksaan. Ennen Saksaan muuttoa h\u00e4n opiskeli Seoulissa Etel\u00e4-Koreassa Mestari Myungin johdolla Hoi Jeon Moo Soolia ja saavutti mustan vy\u00f6n. Hoi Jeon Moo Sool on korealainen itsepuolustuslaji, jonka on kehitt\u00e4nyt Hapkidomestari Myung Jae Ok (10.Dan)Sample text. Click to select the Text Element.\n        <\/p>\n      <\/div>\n    <\/section>\n    <section class=\"u-clearfix u-lightbox u-section-6\" id=\"block-4\">\n      <div class=\"u-clearfix u-sheet u-sheet-1\">\n        <img decoding=\"async\" class=\"u-align-center u-image u-image-contain u-image-default u-image-1\" src=\"https:\/\/taekwondo-loppi.fi\/wp-content\/uploads\/2026\/02\/pysty-harkkoa-murskaamassa-herttoniemessa-1992.jpg\" alt=\"\" data-image-width=\"868\" data-image-height=\"583\">\n      <\/div>\n    <\/section>\n    <section class=\"u-clearfix u-section-7\" id=\"block-5\">\n      <div class=\"u-clearfix u-sheet u-valign-middle-xl u-sheet-1\">\n        <p class=\"u-text u-text-default u-text-1\"> Saksassa Elxlebeniss\u00e4 asuessaan Reijo perusti Taekwondo-itsepuolustuskoulun yhteisty\u00f6ss\u00e4 paikallisen Judokoulun kanssa. Taekwondo Moodo Loppi ry aloitti toimintansa vuonna1996, jossa Reijo Lehmus on toiminut alusta l\u00e4htien toisena p\u00e4\u00e4opettajana. Oltuaan aktiivisessa liike-el\u00e4m\u00e4ss\u00e4 kymmeni\u00e4 vuosia, joista viimeiset 20 vuotta kansainv\u00e4listen yhti\u00f6iden toimitusjohtajana, on h\u00e4n silti ehtinyt opettaa Taekwondoa M\u00e4nts\u00e4l\u00e4ss\u00e4, Tikkurilassa, Nurmij\u00e4rvell\u00e4, Loviisassa, Lahdessa ja J\u00e4rvenp\u00e4\u00e4ss\u00e4.Sample text. Click to select the Text Element.<\/p>\n      <\/div>\n    <\/section>\n    <section class=\"u-clearfix u-lightbox u-section-8\" id=\"block-6\">\n      <div class=\"u-clearfix u-sheet u-sheet-1\">\n        <img decoding=\"async\" class=\"u-align-center u-image u-image-contain u-image-default u-image-1\" src=\"https:\/\/taekwondo-loppi.fi\/wp-content\/uploads\/2026\/02\/Ohjaamassa-harjoitksia-lopella-2006.jpg\" alt=\"\" data-image-width=\"874\" data-image-height=\"490\">\n      <\/div>\n    <\/section>\n    <section class=\"u-clearfix u-section-9\" id=\"block-7\">\n      <div class=\"u-clearfix u-sheet u-sheet-1\">\n        <p class=\"u-text u-text-default u-text-1\"> Reijon into taistelulajeihin on edelleen s\u00e4ilynyt aktiivisena ja Reijon mukaan suurimman ilon saakin, kun n\u00e4kee oppilaansa kehityksen fyysisesti ja psyykkisesti paremmaksi ihmiseksi. Reijo toimii Taekwondon opettamisen lis\u00e4ksi edelleen my\u00f6s liike-el\u00e4m\u00e4n konsulttina ja tiffany-lasitaitelijana, josta on tullut h\u00e4nelle erityisen mieluisa harrastus.Sample text. Click to select the Text Element.<\/p>\n      <\/div>\n    <\/section>\n    \n    \n    \n    \n  \n","protected":false},"excerpt":{"rendered":"<p>Reijo Lehmus 4. DAN Lopen Taekwondoseurassa on alustapit\u00e4en opettanut Mestari Hwangin 9 Dan. Ohella hyvink\u00e4\u00e4l\u00e4inen Reijo Lehmus 4 Dan. Reijo Lehmus syntynyt 20.10.1941 aloitti yleisurheilun 10 vuotiaana. H\u00e4nen kiinnostuksensa kohdistui keih\u00e4\u00e4nheittoon, kuulanty\u00f6nt\u00f6\u00f6n ja 1000 m juoksuun, sek\u00e4 kes\u00e4isin suunnistukseen ja ammuntaan. Reijon kiinnostus kamppailulajeja kohtaan her\u00e4si 16-vuotiaana, kun naapurissa asunut nyrkkeilyn raskaan sarjan Suomenmestari sai &hellip; <a href=\"https:\/\/taekwondo-loppi.fi\/?page_id=365\" class=\"more-link\">Continue reading<span class=\"screen-reader-text\"> &#8221;Reijo Lehmus&#8221;<\/span><\/a><\/p>\n","protected":false},"author":1,"featured_media":0,"parent":0,"menu_order":0,"comment_status":"closed","ping_status":"closed","template":"","meta":{"footnotes":""},"class_list":["post-365","page","type-page","status-publish","hentry"],"_links":{"self":[{"href":"https:\/\/taekwondo-loppi.fi\/index.php?rest_route=\/wp\/v2\/pages\/365","targetHints":{"allow":["GET"]}}],"collection":[{"href":"https:\/\/taekwondo-loppi.fi\/index.php?rest_route=\/wp\/v2\/pages"}],"about":[{"href":"https:\/\/taekwondo-loppi.fi\/index.php?rest_route=\/wp\/v2\/types\/page"}],"author":[{"embeddable":true,"href":"https:\/\/taekwondo-loppi.fi\/index.php?rest_route=\/wp\/v2\/users\/1"}],"replies":[{"embeddable":true,"href":"https:\/\/taekwondo-loppi.fi\/index.php?rest_route=%2Fwp%2Fv2%2Fcomments&post=365"}],"version-history":[{"count":12,"href":"https:\/\/taekwondo-loppi.fi\/index.php?rest_route=\/wp\/v2\/pages\/365\/revisions"}],"predecessor-version":[{"id":390,"href":"https:\/\/taekwondo-loppi.fi\/index.php?rest_route=\/wp\/v2\/pages\/365\/revisions\/390"}],"wp:attachment":[{"href":"https:\/\/taekwondo-loppi.fi\/index.php?rest_route=%2Fwp%2Fv2%2Fmedia&parent=365"}],"curies":[{"name":"wp","href":"https:\/\/api.w.org\/{rel}","templated":true}]}}