{"id":310,"date":"2025-01-08T14:57:23","date_gmt":"2025-01-08T12:57:23","guid":{"rendered":"http:\/\/taekwondo-loppi.fi\/?page_id=310"},"modified":"2026-02-08T10:47:11","modified_gmt":"2026-02-08T08:47:11","slug":"alkeiskurssi","status":"publish","type":"page","link":"https:\/\/taekwondo-loppi.fi\/?page_id=310","title":{"rendered":"Alkeiskurssi"},"content":{"rendered":"\n    \n    <section class=\"u-clearfix u-section-2\" id=\"sec-7e09\">\n      <div class=\"u-clearfix u-sheet u-valign-middle u-sheet-1\">\n        <div class=\"data-layout-selected u-clearfix u-expanded-width u-gutter-0 u-layout-wrap u-layout-wrap-1\">\n          <div class=\"u-layout\">\n            <div class=\"u-layout-row\">\n              <div class=\"u-container-style u-layout-cell u-size-30 u-layout-cell-1\">\n                <div class=\"u-container-layout u-container-layout-1\">\n                  <p class=\"u-text u-text-1\"><span style=\"font-weight: 700;\"><\/span><span class=\"u-icon\"><\/span><span style=\"font-weight: 700;\">&nbsp;<\/span><span style=\"font-size: 1rem;\"><span style=\"font-weight: 700;\">Tietoa:<\/span>\n                      <br>Peruskurssilla aloitteleva harrastaja saa kattavat tiedot lajista ja sen arvomaailmasta;<\/span>\n                    <br>lis\u00e4ksi peruskurssin aikana luodaan pohja tulevalle kehitykselle Taekwondon parissa.<br>Peruskurssin aikana painotamme Taekwondon seitsem\u00e4\u00e4 p\u00e4\u00e4ajatusta:<br>Mudo-ajattelu<br>K\u00e4yt\u00f6s<br>Kunnioitus<br>K\u00e4rsiv\u00e4llisuus<br>Uhrautuvaisuus<br>Vaatimattomuus<br>Mielen ja kehon puhtaus<br><span style=\"font-size: 1rem;\"><\/span>\n                    <br>Kurssin aikana k\u00e4ymme l\u00e4pi perustekniikoita sek\u00e4 askelotteluita - p\u00e4\u00e4paino on kuitenkin k\u00e4yt\u00f6ksess\u00e4 sek\u00e4 fyysisen kunnon kehitt\u00e4misess\u00e4. Alaik\u00e4rajamme on 7 vuotta.\n                  <\/p>\n                <\/div>\n              <\/div>\n              <div class=\"u-container-style u-layout-cell u-size-30 u-layout-cell-2\">\n                <div class=\"u-container-layout u-valign-middle-lg u-valign-middle-md u-valign-middle-sm u-valign-middle-xs u-container-layout-2\">\n                  <img decoding=\"async\" class=\"u-expanded-width u-image u-image-contain u-image-default u-image-1\" src=\"https:\/\/taekwondo-loppi.fi\/wp-content\/uploads\/2025\/06\/mainos_2025.png\" alt=\"\" data-image-width=\"794\" data-image-height=\"1123\">\n                <\/div>\n              <\/div>\n            <\/div>\n          <\/div>\n        <\/div>\n      <\/div>\n    <\/section>\n    \n    \n    \n    \n  \n","protected":false},"excerpt":{"rendered":"<p>&nbsp;Tietoa: Peruskurssilla aloitteleva harrastaja saa kattavat tiedot lajista ja sen arvomaailmasta; lis\u00e4ksi peruskurssin aikana luodaan pohja tulevalle kehitykselle Taekwondon parissa.Peruskurssin aikana painotamme Taekwondon seitsem\u00e4\u00e4 p\u00e4\u00e4ajatusta:Mudo-ajatteluK\u00e4yt\u00f6sKunnioitusK\u00e4rsiv\u00e4llisuusUhrautuvaisuusVaatimattomuusMielen ja kehon puhtaus Kurssin aikana k\u00e4ymme l\u00e4pi perustekniikoita sek\u00e4 askelotteluita &#8211; p\u00e4\u00e4paino on kuitenkin k\u00e4yt\u00f6ksess\u00e4 sek\u00e4 fyysisen kunnon kehitt\u00e4misess\u00e4. Alaik\u00e4rajamme on 7 vuotta.<\/p>\n","protected":false},"author":1,"featured_media":0,"parent":0,"menu_order":0,"comment_status":"closed","ping_status":"closed","template":"","meta":{"footnotes":""},"class_list":["post-310","page","type-page","status-publish","hentry"],"_links":{"self":[{"href":"https:\/\/taekwondo-loppi.fi\/index.php?rest_route=\/wp\/v2\/pages\/310","targetHints":{"allow":["GET"]}}],"collection":[{"href":"https:\/\/taekwondo-loppi.fi\/index.php?rest_route=\/wp\/v2\/pages"}],"about":[{"href":"https:\/\/taekwondo-loppi.fi\/index.php?rest_route=\/wp\/v2\/types\/page"}],"author":[{"embeddable":true,"href":"https:\/\/taekwondo-loppi.fi\/index.php?rest_route=\/wp\/v2\/users\/1"}],"replies":[{"embeddable":true,"href":"https:\/\/taekwondo-loppi.fi\/index.php?rest_route=%2Fwp%2Fv2%2Fcomments&post=310"}],"version-history":[{"count":8,"href":"https:\/\/taekwondo-loppi.fi\/index.php?rest_route=\/wp\/v2\/pages\/310\/revisions"}],"predecessor-version":[{"id":364,"href":"https:\/\/taekwondo-loppi.fi\/index.php?rest_route=\/wp\/v2\/pages\/310\/revisions\/364"}],"wp:attachment":[{"href":"https:\/\/taekwondo-loppi.fi\/index.php?rest_route=%2Fwp%2Fv2%2Fmedia&parent=310"}],"curies":[{"name":"wp","href":"https:\/\/api.w.org\/{rel}","templated":true}]}}